y 42006?
195
Calculate the remainder when 399242 is divided by 1051.
913
What is the remainder when 1330609 is divided by 1121?
1103
What is the remainder when 582340 is divided by 291067?
206
What is the remainder when 150636520 is divided by 8385?
8380
What is the remainder when 24704523 is divided by 3904?
11
Calculate the remainder when 434960 is divided by 217.
92
Calculate the remainder when 446609 is divided by 89063.
1294
What is the remainder when 683354 is divided by 34158?
194
Calculate the remainder when 6184153 is divided by 257671.
49
Calculate the remainder when 17832142 is divided by 45.
37
Calculate the remainder when 3801853 is divided by 422415.
118
What is the remainder when 217337 is divided by 143?
120
What is the remainder when 2152652 is divided by 656?
316
Calculate the remainder when 63874085 is divided by 1726326.
23
What is the remainder when 228733 is divided by 775?
108
Calculate the remainder when 1683153 is divided by 977.
759
What is the remainder when 1476458 is divided by 293?
31
What is the remainder when 103493 is divided by 34386?
335
Calculate the remainder when 35691598 is divided by 5707.
20
Calculate the remainder when 92517392 is divided by 179.
168
What is the remainder when 600731 is divided by 1241?
87
Calculate the remainder when 2597524 is divided by 446.
20
Calculate the remainder when 34658 is divided by 73.
56
What is the remainder when 18502367 is divided by 44264?
15
Calculate the remainder when 71063 is divided by 7884.
107
Calculate the remainder when 55634 is divided by 55173.
461
What is the remainder when 1444550 is divided by 423?
5
Calculate the remainder when 4021995 is divided by 2509.
68
What is the remainder when 23417864 is divided by 93?
92
What is the remainder when 120891 is divided by 60391?
109
Calculate the remainder when 131647 is divided by 3869.
101
Calculate the remainder when 2192233 is divided by 18.
13
What is the remainder when 215694 is divided by 19608?
6
Calculate the remainder when 209709 is divided by 6347.
258
Calculate the remainder when 965855 is divided by 137977.
16
Calculate the remainder when 8934756 is divided by 81.
51
What is the remainder when 492996 is divided by 31?
3
What is the remainder when 2256703 is divided by 3?
1
Calculate the remainder when 7214052 is divided by 85.
17
What is the remainder when 1620153 is divided by 323?
308
Calculate the remainder when 105851731 is divided by 456.
451
What is the remainder when 6287670 is divided by 321?
243
Calculate the remainder when 268430 is divided by 26839.
40
What is the remainder when 41585634 is divided by 867?
846
What is the remainder when 92506551 is divided by 2142?
2139
What is the remainder when 440908 is divided by 48984?
52
What is the remainder when 112708955 is divided by 111?
110
What is the remainder when 125054 is divided by 31011?
1010
What is the remainder when 1743943 is divided by 386?
381
Calculate the remainder when 8665033 is divided by 722081.
61
Calculate the remainder when 758849 is divided by 37830.
2249
What is the remainder when 418543 is divided by 8047?
99
What is the remainder when 4074266 is divided by 1018556?
42
What is the remainder when 20604 is divided by 2932?
80
Calculate the remainder when 2723067 is divided by 247549.
28
Calculate the remainder when 93968 is divided by 6261.
53
Calculate the remainder when 5713726 is divided by 1904571.
13
What is the remainder when 114217 is divided by 154?
103
Calculate the remainder when 282505 is divided by 1455.
235
What is the remainder when 14842578 is divided by 245?
233
What is the remainder when 120600 is divided by 53036?
14528
Calculate the remainder when 190173 is divided by 59.
16
Calculate the remainder when 187598 is divided by 463.
83
What is the remainder when 418502 is divided by 46500?
2
Calculate the remainder when 6680 is divided by 6337.
343
What is the remainder when 4311658 is divided by 321?
307
What is the remainder when 99957 is divided by 1506?
561
What is the remainder when 490482 is divided by 225?
207
Calculate the remainder when 1232290 is divided by 5840.
50
What is the remainder when 1984384 is divided by 330720?
64
What is the remainder when 1941297 is divided by 13?
7
Calculate the remainder when 386901 is divided by 13806.
333
Calculate the remainder when 818827 is divided by 7121.
7033
What is the remainder when 144215172 is divided by 4652102?
10
Calculate the remainder when 108757 is divided by 21563.
942
Calculate the remainder when 520504 is divided by 443.
422
Calculate the remainder when 173454284 is divided by 270178.
8
What is the remainder when 19316894 is divided by 365?
364
What is the remainder when 123281698 is divided by 52?
46
Calculate the remainder when 49810369 is divided by 101.
98
What is the remainder when 139376 is divided by 479?
466
What is the remainder when 2147397 is divided by 900?
897
Calculate the remainder when 1490122 is divided by 72.
10
What is the remainder when 1765413 is divided by 679?
13
Calculate the remainder when 8075750 is divided by 740.
130
Calculate the remainder when 576663533 is divided by 446334.
5
What is the remainder when 393723 is divided by 24600?
123
Calculate the remainder when 30593070 is divided by 3166.
12
Calculate the remainder when 14483023 is divided by 63.
16
What is the remainder when 16426634 is divided by 107?
101
Calculate the remainder when 1070226 is divided by 126.
108
What is the remainder when 32317 is divided by 14433?
3451
Calculate the remainder when 71003995 is divided by 36.
7
What is the remainder when 29470845 is divided by 11?
8
What is the remainder when 1375379 is divided by 80904?
11
Calculate the remainder when 28780048 is divided by 154.
66
Calculate the remainder when 16196907 is divided by 1362.
3
Calculate the remainder when 5031701 is divided by 173502.
143
Calculate the remainder when 470074 is divided by 9746.
2266
Calculate the remainder when 60950667 is divided by 2933.
2927
What is the remainder when 1224058 is divided by 15965?
10718
Calculate the remainder when 529260 is divided by 3060.
2940
Calculate the remainder when 265920199 is divided by 1538.
1537
Calculate the remainder when 364343 is divided by 5276.
299
What is the remainder when 22914894 is divided by 18829?
1
Calculate the remainder when 14985288 is divided by 1070377.
10
Calculate the remainder when 7533803 is divided by 1355.
3
Calculate the remainder when 1092584 is divided by 364166.
86
Calculate the remainder when 296295651 is divided by 1041.
1026
Calculate the remainder when 349754990 is divided by 1421.
1418
Calculate the remainder when 31824 is divided by 1977.
192
What is the remainder when 55393 is divided by 9224?
49
Calculate the remainder when 463022 is divided by 42052.
450
Calculate the remainder when 13403774 is divided by 128.
126
Calculate the remainder when 227089 is divided by 16175.
639
What is the remainder when 7957239 is divided by 17?
15
Calculate the remainder when 365411 is divided by 121.
112
What is the remainder when 7556696 is divided by 345?
161
What is the remainder when 2175013 is divided by 526?
3
What is the remainder when 174168 is divided by 117?
72
Calculate the remainder when 1244694 is divided by 2598.
252
Calculate the remainder when 1248747 is divided by 462.
423
What is the remainder when 82870 is divided by 11796?
298
What is the remainder when 2995456 is divided by 344?
248
What is the remainder when 136662 is divided by 1200?
1062
What is the remainder when 7220776 is divided by 232925?
101
Calculate the remainder when 1212917 is divided by 71348.
1
What is the remainder when 5217013 is divided by 2608422?
169
Calculate the remainder when 2942207 is divided by 27496.
135
Calculate the remainder when 3035908 is divided by 22.
18
Calculate the remainder when 376567 is divided by 2774.
2077
What is the remainder when 1071645 is divided by 29?
8
What is the remainder when 5671302 is divided by 19692?
6
Calculate the remainder when 251209 is divided by 83732.
13
Calculate the remainder when 1648530 is divided by 54951.
0
Calculate the remainder when 1051163 is divided by 525575.
13
Calculate the remainder when 39284 is divided by 1784.
36
Calculate the remainder when 3218428 is d